{"id":20,"date":"2024-05-29T14:56:11","date_gmt":"2024-05-29T12:56:11","guid":{"rendered":"https:\/\/www.cliniquedentairedenimes.fr\/?page_id=20"},"modified":"2025-04-17T11:12:01","modified_gmt":"2025-04-17T09:12:01","slug":"contact","status":"publish","type":"page","link":"https:\/\/www.cliniquedentairedenimes.fr\/index.php\/contact\/","title":{"rendered":"Contact"},"content":{"rendered":"\t\t<div data-elementor-type=\"wp-page\" data-elementor-id=\"20\" class=\"elementor elementor-20\" data-elementor-post-type=\"page\">\n\t\t\t\t<div class=\"elementor-element elementor-element-c094e3e e-con-full e-flex elementor-invisible e-con e-parent\" data-id=\"c094e3e\" data-element_type=\"container\" data-settings=\"{&quot;background_background&quot;:&quot;classic&quot;,&quot;shape_divider_bottom&quot;:&quot;waves&quot;,&quot;animation&quot;:&quot;fadeInDown&quot;}\">\n\t\t\t\t<div class=\"elementor-shape elementor-shape-bottom\" data-negative=\"false\">\n\t\t\t<svg xmlns=\"http:\/\/www.w3.org\/2000\/svg\" viewBox=\"0 0 1000 100\" preserveAspectRatio=\"none\">\n\t<path class=\"elementor-shape-fill\" d=\"M421.9,6.5c22.6-2.5,51.5,0.4,75.5,5.3c23.6,4.9,70.9,23.5,100.5,35.7c75.8,32.2,133.7,44.5,192.6,49.7\n\tc23.6,2.1,48.7,3.5,103.4-2.5c54.7-6,106.2-25.6,106.2-25.6V0H0v30.3c0,0,72,32.6,158.4,30.5c39.2-0.7,92.8-6.7,134-22.4\n\tc21.2-8.1,52.2-18.2,79.7-24.2C399.3,7.9,411.6,7.5,421.9,6.5z\"\/>\n<\/svg>\t\t<\/div>\n\t\t<div class=\"elementor-element elementor-element-26281e4 e-con-full e-flex e-con e-child\" data-id=\"26281e4\" data-element_type=\"container\">\n\t\t\t\t<div class=\"elementor-element elementor-element-a1de628 elementor-widget elementor-widget-heading\" data-id=\"a1de628\" data-element_type=\"widget\" data-widget_type=\"heading.default\">\n\t\t\t\t<div class=\"elementor-widget-container\">\n\t\t\t\t\t<h1 class=\"elementor-heading-title elementor-size-default\">Coordonn\u00e9es<\/h1>\t\t\t\t<\/div>\n\t\t\t\t<\/div>\n\t\t\t\t<\/div>\n\t\t\t\t<\/div>\n\t\t<div class=\"elementor-element elementor-element-4aae1c3 e-con-full e-flex e-con e-parent\" data-id=\"4aae1c3\" data-element_type=\"container\" data-settings=\"{&quot;background_background&quot;:&quot;classic&quot;}\">\n\t\t<div class=\"elementor-element elementor-element-96c3078 e-flex e-con-boxed e-con e-child\" data-id=\"96c3078\" data-element_type=\"container\" data-settings=\"{&quot;background_background&quot;:&quot;classic&quot;}\">\n\t\t\t\t\t<div class=\"e-con-inner\">\n\t\t<div class=\"elementor-element elementor-element-64870dc e-con-full e-flex elementor-invisible e-con e-child\" data-id=\"64870dc\" data-element_type=\"container\" data-settings=\"{&quot;background_background&quot;:&quot;classic&quot;,&quot;animation&quot;:&quot;fadeInLeft&quot;}\">\n\t\t<div class=\"elementor-element elementor-element-e62e1f2 e-con-full e-flex e-con e-child\" data-id=\"e62e1f2\" data-element_type=\"container\">\n\t\t\t\t<div class=\"elementor-element elementor-element-f0d6ac2 elementor-widget-mobile__width-initial elementor-icon-list--layout-traditional elementor-list-item-link-full_width elementor-widget elementor-widget-icon-list\" data-id=\"f0d6ac2\" data-element_type=\"widget\" data-widget_type=\"icon-list.default\">\n\t\t\t\t<div class=\"elementor-widget-container\">\n\t\t\t\t\t\t\t<ul class=\"elementor-icon-list-items\">\n\t\t\t\t\t\t\t<li class=\"elementor-icon-list-item\">\n\t\t\t\t\t\t\t\t\t\t\t<span class=\"elementor-icon-list-icon\">\n\t\t\t\t\t\t\t<svg aria-hidden=\"true\" class=\"e-font-icon-svg e-fas-phone-alt\" viewBox=\"0 0 512 512\" xmlns=\"http:\/\/www.w3.org\/2000\/svg\"><path d=\"M497.39 361.8l-112-48a24 24 0 0 0-28 6.9l-49.6 60.6A370.66 370.66 0 0 1 130.6 204.11l60.6-49.6a23.94 23.94 0 0 0 6.9-28l-48-112A24.16 24.16 0 0 0 122.6.61l-104 24A24 24 0 0 0 0 48c0 256.5 207.9 464 464 464a24 24 0 0 0 23.4-18.6l24-104a24.29 24.29 0 0 0-14.01-27.6z\"><\/path><\/svg>\t\t\t\t\t\t<\/span>\n\t\t\t\t\t\t\t\t\t\t<span class=\"elementor-icon-list-text\">04.66.67.20.97<\/span>\n\t\t\t\t\t\t\t\t\t<\/li>\n\t\t\t\t\t\t\t\t<li class=\"elementor-icon-list-item\">\n\t\t\t\t\t\t\t\t\t\t\t<span class=\"elementor-icon-list-icon\">\n\t\t\t\t\t\t\t<svg aria-hidden=\"true\" class=\"e-font-icon-svg e-fas-at\" viewBox=\"0 0 512 512\" xmlns=\"http:\/\/www.w3.org\/2000\/svg\"><path d=\"M256 8C118.941 8 8 118.919 8 256c0 137.059 110.919 248 248 248 48.154 0 95.342-14.14 135.408-40.223 12.005-7.815 14.625-24.288 5.552-35.372l-10.177-12.433c-7.671-9.371-21.179-11.667-31.373-5.129C325.92 429.757 291.314 440 256 440c-101.458 0-184-82.542-184-184S154.542 72 256 72c100.139 0 184 57.619 184 160 0 38.786-21.093 79.742-58.17 83.693-17.349-.454-16.91-12.857-13.476-30.024l23.433-121.11C394.653 149.75 383.308 136 368.225 136h-44.981a13.518 13.518 0 0 0-13.432 11.993l-.01.092c-14.697-17.901-40.448-21.775-59.971-21.775-74.58 0-137.831 62.234-137.831 151.46 0 65.303 36.785 105.87 96 105.87 26.984 0 57.369-15.637 74.991-38.333 9.522 34.104 40.613 34.103 70.71 34.103C462.609 379.41 504 307.798 504 232 504 95.653 394.023 8 256 8zm-21.68 304.43c-22.249 0-36.07-15.623-36.07-40.771 0-44.993 30.779-72.729 58.63-72.729 22.292 0 35.601 15.241 35.601 40.77 0 45.061-33.875 72.73-58.161 72.73z\"><\/path><\/svg>\t\t\t\t\t\t<\/span>\n\t\t\t\t\t\t\t\t\t\t<span class=\"elementor-icon-list-text\">chabadel.secretariat@gmail.com<\/span>\n\t\t\t\t\t\t\t\t\t<\/li>\n\t\t\t\t\t\t\t\t<li class=\"elementor-icon-list-item\">\n\t\t\t\t\t\t\t\t\t\t\t<span class=\"elementor-icon-list-icon\">\n\t\t\t\t\t\t\t<svg aria-hidden=\"true\" class=\"e-font-icon-svg e-fas-map-marker-alt\" viewBox=\"0 0 384 512\" xmlns=\"http:\/\/www.w3.org\/2000\/svg\"><path d=\"M172.268 501.67C26.97 291.031 0 269.413 0 192 0 85.961 85.961 0 192 0s192 85.961 192 192c0 77.413-26.97 99.031-172.268 309.67-9.535 13.774-29.93 13.773-39.464 0zM192 272c44.183 0 80-35.817 80-80s-35.817-80-80-80-80 35.817-80 80 35.817 80 80 80z\"><\/path><\/svg>\t\t\t\t\t\t<\/span>\n\t\t\t\t\t\t\t\t\t\t<span class=\"elementor-icon-list-text\">34 Rue Ruffi, 30000 N\u00eemes<\/span>\n\t\t\t\t\t\t\t\t\t<\/li>\n\t\t\t\t\t\t<\/ul>\n\t\t\t\t\t\t<\/div>\n\t\t\t\t<\/div>\n\t\t\t\t<\/div>\n\t\t<div class=\"elementor-element elementor-element-148be0e e-con-full e-flex e-con e-child\" data-id=\"148be0e\" data-element_type=\"container\">\n\t\t<div class=\"elementor-element elementor-element-3735a2b e-con-full e-flex e-con e-child\" data-id=\"3735a2b\" data-element_type=\"container\">\n\t\t\t\t<div class=\"elementor-element elementor-element-6bf0785 elementor-widget-mobile__width-initial elementor-widget elementor-widget-text-editor\" data-id=\"6bf0785\" data-element_type=\"widget\" data-widget_type=\"text-editor.default\">\n\t\t\t\t<div class=\"elementor-widget-container\">\n\t\t\t\t\t\t\t\t\t<p>Horaire Clinique<\/p>\t\t\t\t\t\t\t\t<\/div>\n\t\t\t\t<\/div>\n\t\t\t\t<div class=\"elementor-element elementor-element-7405b07 elementor-align-center elementor-mobile-align-left elementor-widget-mobile__width-initial elementor-icon-list--layout-traditional elementor-list-item-link-full_width elementor-widget elementor-widget-icon-list\" data-id=\"7405b07\" data-element_type=\"widget\" data-widget_type=\"icon-list.default\">\n\t\t\t\t<div class=\"elementor-widget-container\">\n\t\t\t\t\t\t\t<ul class=\"elementor-icon-list-items\">\n\t\t\t\t\t\t\t<li class=\"elementor-icon-list-item\">\n\t\t\t\t\t\t\t\t\t\t<span class=\"elementor-icon-list-text\">Lundi - Vendredi <\/span>\n\t\t\t\t\t\t\t\t\t<\/li>\n\t\t\t\t\t\t<\/ul>\n\t\t\t\t\t\t<\/div>\n\t\t\t\t<\/div>\n\t\t\t\t<div class=\"elementor-element elementor-element-7bb9298 elementor-align-center elementor-icon-list--layout-traditional elementor-list-item-link-full_width elementor-widget elementor-widget-icon-list\" data-id=\"7bb9298\" data-element_type=\"widget\" data-widget_type=\"icon-list.default\">\n\t\t\t\t<div class=\"elementor-widget-container\">\n\t\t\t\t\t\t\t<ul class=\"elementor-icon-list-items\">\n\t\t\t\t\t\t\t<li class=\"elementor-icon-list-item\">\n\t\t\t\t\t\t\t\t\t\t\t<span class=\"elementor-icon-list-icon\">\n\t\t\t\t\t\t\t<svg aria-hidden=\"true\" class=\"e-font-icon-svg e-fas-clock\" viewBox=\"0 0 512 512\" xmlns=\"http:\/\/www.w3.org\/2000\/svg\"><path d=\"M256,8C119,8,8,119,8,256S119,504,256,504,504,393,504,256,393,8,256,8Zm92.49,313h0l-20,25a16,16,0,0,1-22.49,2.5h0l-67-49.72a40,40,0,0,1-15-31.23V112a16,16,0,0,1,16-16h32a16,16,0,0,1,16,16V256l58,42.5A16,16,0,0,1,348.49,321Z\"><\/path><\/svg>\t\t\t\t\t\t<\/span>\n\t\t\t\t\t\t\t\t\t\t<span class=\"elementor-icon-list-text\">8 : 00 - 19 : 30<\/span>\n\t\t\t\t\t\t\t\t\t<\/li>\n\t\t\t\t\t\t<\/ul>\n\t\t\t\t\t\t<\/div>\n\t\t\t\t<\/div>\n\t\t\t\t<\/div>\n\t\t<div class=\"elementor-element elementor-element-5b73034 e-con-full e-flex e-con e-child\" data-id=\"5b73034\" data-element_type=\"container\">\n\t\t\t\t<div class=\"elementor-element elementor-element-8c4058c elementor-widget elementor-widget-text-editor\" data-id=\"8c4058c\" data-element_type=\"widget\" data-widget_type=\"text-editor.default\">\n\t\t\t\t<div class=\"elementor-widget-container\">\n\t\t\t\t\t\t\t\t\t<p>Horaire Secr\u00e9tariat<\/p>\t\t\t\t\t\t\t\t<\/div>\n\t\t\t\t<\/div>\n\t\t\t\t<div class=\"elementor-element elementor-element-4952971 elementor-align-center elementor-icon-list--layout-traditional elementor-list-item-link-full_width elementor-widget elementor-widget-icon-list\" data-id=\"4952971\" data-element_type=\"widget\" data-widget_type=\"icon-list.default\">\n\t\t\t\t<div class=\"elementor-widget-container\">\n\t\t\t\t\t\t\t<ul class=\"elementor-icon-list-items\">\n\t\t\t\t\t\t\t<li class=\"elementor-icon-list-item\">\n\t\t\t\t\t\t\t\t\t\t<span class=\"elementor-icon-list-text\">Lundi - Vendredi <\/span>\n\t\t\t\t\t\t\t\t\t<\/li>\n\t\t\t\t\t\t<\/ul>\n\t\t\t\t\t\t<\/div>\n\t\t\t\t<\/div>\n\t\t\t\t<div class=\"elementor-element elementor-element-64d5b56 elementor-align-center elementor-icon-list--layout-traditional elementor-list-item-link-full_width elementor-widget elementor-widget-icon-list\" data-id=\"64d5b56\" data-element_type=\"widget\" data-widget_type=\"icon-list.default\">\n\t\t\t\t<div class=\"elementor-widget-container\">\n\t\t\t\t\t\t\t<ul class=\"elementor-icon-list-items\">\n\t\t\t\t\t\t\t<li class=\"elementor-icon-list-item\">\n\t\t\t\t\t\t\t\t\t\t\t<span class=\"elementor-icon-list-icon\">\n\t\t\t\t\t\t\t<svg aria-hidden=\"true\" class=\"e-font-icon-svg e-fas-clock\" viewBox=\"0 0 512 512\" xmlns=\"http:\/\/www.w3.org\/2000\/svg\"><path d=\"M256,8C119,8,8,119,8,256S119,504,256,504,504,393,504,256,393,8,256,8Zm92.49,313h0l-20,25a16,16,0,0,1-22.49,2.5h0l-67-49.72a40,40,0,0,1-15-31.23V112a16,16,0,0,1,16-16h32a16,16,0,0,1,16,16V256l58,42.5A16,16,0,0,1,348.49,321Z\"><\/path><\/svg>\t\t\t\t\t\t<\/span>\n\t\t\t\t\t\t\t\t\t\t<span class=\"elementor-icon-list-text\">8 : 30 - 12 : 30 <\/span>\n\t\t\t\t\t\t\t\t\t<\/li>\n\t\t\t\t\t\t<\/ul>\n\t\t\t\t\t\t<\/div>\n\t\t\t\t<\/div>\n\t\t\t\t<div class=\"elementor-element elementor-element-2b7b50d elementor-align-center elementor-icon-list--layout-traditional elementor-list-item-link-full_width elementor-widget elementor-widget-icon-list\" data-id=\"2b7b50d\" data-element_type=\"widget\" data-widget_type=\"icon-list.default\">\n\t\t\t\t<div class=\"elementor-widget-container\">\n\t\t\t\t\t\t\t<ul class=\"elementor-icon-list-items\">\n\t\t\t\t\t\t\t<li class=\"elementor-icon-list-item\">\n\t\t\t\t\t\t\t\t\t\t\t<span class=\"elementor-icon-list-icon\">\n\t\t\t\t\t\t\t<svg aria-hidden=\"true\" class=\"e-font-icon-svg e-fas-clock\" viewBox=\"0 0 512 512\" xmlns=\"http:\/\/www.w3.org\/2000\/svg\"><path d=\"M256,8C119,8,8,119,8,256S119,504,256,504,504,393,504,256,393,8,256,8Zm92.49,313h0l-20,25a16,16,0,0,1-22.49,2.5h0l-67-49.72a40,40,0,0,1-15-31.23V112a16,16,0,0,1,16-16h32a16,16,0,0,1,16,16V256l58,42.5A16,16,0,0,1,348.49,321Z\"><\/path><\/svg>\t\t\t\t\t\t<\/span>\n\t\t\t\t\t\t\t\t\t\t<span class=\"elementor-icon-list-text\">14 : 00 - 18 : 30<\/span>\n\t\t\t\t\t\t\t\t\t<\/li>\n\t\t\t\t\t\t<\/ul>\n\t\t\t\t\t\t<\/div>\n\t\t\t\t<\/div>\n\t\t\t\t<\/div>\n\t\t\t\t<\/div>\n\t\t\t\t<\/div>\n\t\t<div class=\"elementor-element elementor-element-88a33a0 e-con-full e-flex elementor-invisible e-con e-child\" data-id=\"88a33a0\" data-element_type=\"container\" data-settings=\"{&quot;background_background&quot;:&quot;classic&quot;,&quot;animation&quot;:&quot;fadeInRight&quot;}\">\n\t\t\t\t<div class=\"elementor-element elementor-element-274c0be elementor-widget elementor-widget-image\" data-id=\"274c0be\" data-element_type=\"widget\" data-widget_type=\"image.default\">\n\t\t\t\t<div class=\"elementor-widget-container\">\n\t\t\t\t\t\t\t\t\t\t\t\t\t\t\t<img fetchpriority=\"high\" decoding=\"async\" width=\"1024\" height=\"728\" src=\"https:\/\/www.cliniquedentairedenimes.fr\/wp-content\/uploads\/2025\/04\/Locaux-Format-Paysage-1-1024x728.jpg\" class=\"attachment-large size-large wp-image-3816\" alt=\"Clinique dentaire de N\u00eemes\" srcset=\"https:\/\/www.cliniquedentairedenimes.fr\/wp-content\/uploads\/2025\/04\/Locaux-Format-Paysage-1-1024x728.jpg 1024w, https:\/\/www.cliniquedentairedenimes.fr\/wp-content\/uploads\/2025\/04\/Locaux-Format-Paysage-1-300x213.jpg 300w, https:\/\/www.cliniquedentairedenimes.fr\/wp-content\/uploads\/2025\/04\/Locaux-Format-Paysage-1-768x546.jpg 768w, https:\/\/www.cliniquedentairedenimes.fr\/wp-content\/uploads\/2025\/04\/Locaux-Format-Paysage-1.jpg 1440w\" sizes=\"(max-width: 1024px) 100vw, 1024px\" \/>\t\t\t\t\t\t\t\t\t\t\t\t\t\t\t<\/div>\n\t\t\t\t<\/div>\n\t\t\t\t<\/div>\n\t\t\t\t\t<\/div>\n\t\t\t\t<\/div>\n\t\t<div class=\"elementor-element elementor-element-903e3ac e-con-full e-flex e-con e-child\" data-id=\"903e3ac\" data-element_type=\"container\">\n\t\t\t\t<div class=\"elementor-element elementor-element-f9f9564 elementor-widget elementor-widget-google_maps\" data-id=\"f9f9564\" data-element_type=\"widget\" data-widget_type=\"google_maps.default\">\n\t\t\t\t<div class=\"elementor-widget-container\">\n\t\t\t\t\t\t\t<div class=\"elementor-custom-embed\">\n\t\t\t<iframe loading=\"lazy\"\n\t\t\t\t\tsrc=\"https:\/\/maps.google.com\/maps?q=34%20Rue%20Ruffi%2C%2030000%20N%C3%AEmes&#038;t=m&#038;z=15&#038;output=embed&#038;iwloc=near\"\n\t\t\t\t\ttitle=\"34 Rue Ruffi, 30000 N\u00eemes\"\n\t\t\t\t\taria-label=\"34 Rue Ruffi, 30000 N\u00eemes\"\n\t\t\t><\/iframe>\n\t\t<\/div>\n\t\t\t\t\t\t<\/div>\n\t\t\t\t<\/div>\n\t\t\t\t<\/div>\n\t\t\t\t<\/div>\n\t\t\t\t<\/div>\n\t\t","protected":false},"excerpt":{"rendered":"<p>Coordonn\u00e9es 04.66.67.20.97 chabadel.secretariat@gmail.com 34 Rue Ruffi, 30000 N\u00eemes Horaire Clinique Lundi &#8211; Vendredi 8 : 00 &#8211; 19 : 30 Horaire Secr\u00e9tariat Lundi &#8211; Vendredi 8 : 30 &#8211; 12 : 30 14 : 00 &#8211; 18 : 30<\/p>\n","protected":false},"author":1,"featured_media":0,"parent":0,"menu_order":0,"comment_status":"closed","ping_status":"closed","template":"","meta":{"footnotes":""},"class_list":["post-20","page","type-page","status-publish","hentry","entry"],"yoast_head":"<!-- This site is optimized with the Yoast SEO plugin v25.1 - https:\/\/yoast.com\/wordpress\/plugins\/seo\/ -->\n<title>Cabinet dentaire N\u00eemes - Contact - Clinique Dentaire de N\u00eemes<\/title>\n<meta name=\"description\" content=\"Notre cabinet dentaire \u00e0 N\u00eemes vous propose des soins de qualit\u00e9 avec une \u00e9quipe experte. Implants, urgences, esth\u00e9tique dentaire pour un sourire parfait !\" \/>\n<meta name=\"robots\" content=\"noindex, nofollow\" \/>\n<meta property=\"og:locale\" content=\"fr_FR\" \/>\n<meta property=\"og:type\" content=\"article\" \/>\n<meta property=\"og:title\" content=\"Cabinet dentaire N\u00eemes - Contact - Clinique Dentaire de N\u00eemes\" \/>\n<meta property=\"og:description\" content=\"Notre cabinet dentaire \u00e0 N\u00eemes vous propose des soins de qualit\u00e9 avec une \u00e9quipe experte. Implants, urgences, esth\u00e9tique dentaire pour un sourire parfait !\" \/>\n<meta property=\"og:url\" content=\"https:\/\/www.cliniquedentairedenimes.fr\/index.php\/contact\/\" \/>\n<meta property=\"og:site_name\" content=\"Clinique Dentaire de N\u00eemes\" \/>\n<meta property=\"article:modified_time\" content=\"2025-04-17T09:12:01+00:00\" \/>\n<meta property=\"og:image\" content=\"https:\/\/www.cliniquedentairedenimes.fr\/wp-content\/uploads\/2025\/04\/Locaux-Format-Paysage-1.jpg\" \/>\n\t<meta property=\"og:image:width\" content=\"1440\" \/>\n\t<meta property=\"og:image:height\" content=\"1024\" \/>\n\t<meta property=\"og:image:type\" content=\"image\/jpeg\" \/>\n<meta name=\"twitter:card\" content=\"summary_large_image\" \/>\n<meta name=\"twitter:label1\" content=\"Dur\u00e9e de lecture estim\u00e9e\" \/>\n\t<meta name=\"twitter:data1\" content=\"1 minute\" \/>\n<script type=\"application\/ld+json\" class=\"yoast-schema-graph\">{\"@context\":\"https:\/\/schema.org\",\"@graph\":[{\"@type\":\"WebPage\",\"@id\":\"https:\/\/www.cliniquedentairedenimes.fr\/index.php\/contact\/\",\"url\":\"https:\/\/www.cliniquedentairedenimes.fr\/index.php\/contact\/\",\"name\":\"Cabinet dentaire N\u00eemes - Contact - Clinique Dentaire de N\u00eemes\",\"isPartOf\":{\"@id\":\"https:\/\/www.cliniquedentairedenimes.fr\/#website\"},\"primaryImageOfPage\":{\"@id\":\"https:\/\/www.cliniquedentairedenimes.fr\/index.php\/contact\/#primaryimage\"},\"image\":{\"@id\":\"https:\/\/www.cliniquedentairedenimes.fr\/index.php\/contact\/#primaryimage\"},\"thumbnailUrl\":\"https:\/\/www.cliniquedentairedenimes.fr\/wp-content\/uploads\/2025\/04\/Locaux-Format-Paysage-1-1024x728.jpg\",\"datePublished\":\"2024-05-29T12:56:11+00:00\",\"dateModified\":\"2025-04-17T09:12:01+00:00\",\"description\":\"Notre cabinet dentaire \u00e0 N\u00eemes vous propose des soins de qualit\u00e9 avec une \u00e9quipe experte. Implants, urgences, esth\u00e9tique dentaire pour un sourire parfait !\",\"breadcrumb\":{\"@id\":\"https:\/\/www.cliniquedentairedenimes.fr\/index.php\/contact\/#breadcrumb\"},\"inLanguage\":\"fr-FR\",\"potentialAction\":[{\"@type\":\"ReadAction\",\"target\":[\"https:\/\/www.cliniquedentairedenimes.fr\/index.php\/contact\/\"]}]},{\"@type\":\"ImageObject\",\"inLanguage\":\"fr-FR\",\"@id\":\"https:\/\/www.cliniquedentairedenimes.fr\/index.php\/contact\/#primaryimage\",\"url\":\"https:\/\/www.cliniquedentairedenimes.fr\/wp-content\/uploads\/2025\/04\/Locaux-Format-Paysage-1.jpg\",\"contentUrl\":\"https:\/\/www.cliniquedentairedenimes.fr\/wp-content\/uploads\/2025\/04\/Locaux-Format-Paysage-1.jpg\",\"width\":1440,\"height\":1024,\"caption\":\"Clinique dentaire de N\u00eemes\"},{\"@type\":\"BreadcrumbList\",\"@id\":\"https:\/\/www.cliniquedentairedenimes.fr\/index.php\/contact\/#breadcrumb\",\"itemListElement\":[{\"@type\":\"ListItem\",\"position\":1,\"name\":\"Accueil\",\"item\":\"https:\/\/www.cliniquedentairedenimes.fr\/\"},{\"@type\":\"ListItem\",\"position\":2,\"name\":\"Contact\"}]},{\"@type\":\"WebSite\",\"@id\":\"https:\/\/www.cliniquedentairedenimes.fr\/#website\",\"url\":\"https:\/\/www.cliniquedentairedenimes.fr\/\",\"name\":\"Clinique Dentaire de N\u00eemes\",\"description\":\"Des soins dentaires par excellence\",\"publisher\":{\"@id\":\"https:\/\/www.cliniquedentairedenimes.fr\/#organization\"},\"potentialAction\":[{\"@type\":\"SearchAction\",\"target\":{\"@type\":\"EntryPoint\",\"urlTemplate\":\"https:\/\/www.cliniquedentairedenimes.fr\/?s={search_term_string}\"},\"query-input\":{\"@type\":\"PropertyValueSpecification\",\"valueRequired\":true,\"valueName\":\"search_term_string\"}}],\"inLanguage\":\"fr-FR\"},{\"@type\":\"Organization\",\"@id\":\"https:\/\/www.cliniquedentairedenimes.fr\/#organization\",\"name\":\"Clinique Dentaire de N\u00eemes\",\"url\":\"https:\/\/www.cliniquedentairedenimes.fr\/\",\"logo\":{\"@type\":\"ImageObject\",\"inLanguage\":\"fr-FR\",\"@id\":\"https:\/\/www.cliniquedentairedenimes.fr\/#\/schema\/logo\/image\/\",\"url\":\"https:\/\/www.cliniquedentairedenimes.fr\/wp-content\/uploads\/2024\/05\/Clinique-dentaire-de-nimes-vector-cec76c.svg\",\"contentUrl\":\"https:\/\/www.cliniquedentairedenimes.fr\/wp-content\/uploads\/2024\/05\/Clinique-dentaire-de-nimes-vector-cec76c.svg\",\"width\":1122,\"height\":425,\"caption\":\"Clinique Dentaire de N\u00eemes \"},\"image\":{\"@id\":\"https:\/\/www.cliniquedentairedenimes.fr\/#\/schema\/logo\/image\/\"}}]}<\/script>\n<!-- \/ Yoast SEO plugin. -->","yoast_head_json":{"title":"Cabinet dentaire N\u00eemes - Contact - Clinique Dentaire de N\u00eemes","description":"Notre cabinet dentaire \u00e0 N\u00eemes vous propose des soins de qualit\u00e9 avec une \u00e9quipe experte. Implants, urgences, esth\u00e9tique dentaire pour un sourire parfait !","robots":{"index":"noindex","follow":"nofollow"},"og_locale":"fr_FR","og_type":"article","og_title":"Cabinet dentaire N\u00eemes - Contact - Clinique Dentaire de N\u00eemes","og_description":"Notre cabinet dentaire \u00e0 N\u00eemes vous propose des soins de qualit\u00e9 avec une \u00e9quipe experte. Implants, urgences, esth\u00e9tique dentaire pour un sourire parfait !","og_url":"https:\/\/www.cliniquedentairedenimes.fr\/index.php\/contact\/","og_site_name":"Clinique Dentaire de N\u00eemes","article_modified_time":"2025-04-17T09:12:01+00:00","og_image":[{"width":1440,"height":1024,"url":"https:\/\/www.cliniquedentairedenimes.fr\/wp-content\/uploads\/2025\/04\/Locaux-Format-Paysage-1.jpg","type":"image\/jpeg"}],"twitter_card":"summary_large_image","twitter_misc":{"Dur\u00e9e de lecture estim\u00e9e":"1 minute"},"schema":{"@context":"https:\/\/schema.org","@graph":[{"@type":"WebPage","@id":"https:\/\/www.cliniquedentairedenimes.fr\/index.php\/contact\/","url":"https:\/\/www.cliniquedentairedenimes.fr\/index.php\/contact\/","name":"Cabinet dentaire N\u00eemes - Contact - Clinique Dentaire de N\u00eemes","isPartOf":{"@id":"https:\/\/www.cliniquedentairedenimes.fr\/#website"},"primaryImageOfPage":{"@id":"https:\/\/www.cliniquedentairedenimes.fr\/index.php\/contact\/#primaryimage"},"image":{"@id":"https:\/\/www.cliniquedentairedenimes.fr\/index.php\/contact\/#primaryimage"},"thumbnailUrl":"https:\/\/www.cliniquedentairedenimes.fr\/wp-content\/uploads\/2025\/04\/Locaux-Format-Paysage-1-1024x728.jpg","datePublished":"2024-05-29T12:56:11+00:00","dateModified":"2025-04-17T09:12:01+00:00","description":"Notre cabinet dentaire \u00e0 N\u00eemes vous propose des soins de qualit\u00e9 avec une \u00e9quipe experte. Implants, urgences, esth\u00e9tique dentaire pour un sourire parfait !","breadcrumb":{"@id":"https:\/\/www.cliniquedentairedenimes.fr\/index.php\/contact\/#breadcrumb"},"inLanguage":"fr-FR","potentialAction":[{"@type":"ReadAction","target":["https:\/\/www.cliniquedentairedenimes.fr\/index.php\/contact\/"]}]},{"@type":"ImageObject","inLanguage":"fr-FR","@id":"https:\/\/www.cliniquedentairedenimes.fr\/index.php\/contact\/#primaryimage","url":"https:\/\/www.cliniquedentairedenimes.fr\/wp-content\/uploads\/2025\/04\/Locaux-Format-Paysage-1.jpg","contentUrl":"https:\/\/www.cliniquedentairedenimes.fr\/wp-content\/uploads\/2025\/04\/Locaux-Format-Paysage-1.jpg","width":1440,"height":1024,"caption":"Clinique dentaire de N\u00eemes"},{"@type":"BreadcrumbList","@id":"https:\/\/www.cliniquedentairedenimes.fr\/index.php\/contact\/#breadcrumb","itemListElement":[{"@type":"ListItem","position":1,"name":"Accueil","item":"https:\/\/www.cliniquedentairedenimes.fr\/"},{"@type":"ListItem","position":2,"name":"Contact"}]},{"@type":"WebSite","@id":"https:\/\/www.cliniquedentairedenimes.fr\/#website","url":"https:\/\/www.cliniquedentairedenimes.fr\/","name":"Clinique Dentaire de N\u00eemes","description":"Des soins dentaires par excellence","publisher":{"@id":"https:\/\/www.cliniquedentairedenimes.fr\/#organization"},"potentialAction":[{"@type":"SearchAction","target":{"@type":"EntryPoint","urlTemplate":"https:\/\/www.cliniquedentairedenimes.fr\/?s={search_term_string}"},"query-input":{"@type":"PropertyValueSpecification","valueRequired":true,"valueName":"search_term_string"}}],"inLanguage":"fr-FR"},{"@type":"Organization","@id":"https:\/\/www.cliniquedentairedenimes.fr\/#organization","name":"Clinique Dentaire de N\u00eemes","url":"https:\/\/www.cliniquedentairedenimes.fr\/","logo":{"@type":"ImageObject","inLanguage":"fr-FR","@id":"https:\/\/www.cliniquedentairedenimes.fr\/#\/schema\/logo\/image\/","url":"https:\/\/www.cliniquedentairedenimes.fr\/wp-content\/uploads\/2024\/05\/Clinique-dentaire-de-nimes-vector-cec76c.svg","contentUrl":"https:\/\/www.cliniquedentairedenimes.fr\/wp-content\/uploads\/2024\/05\/Clinique-dentaire-de-nimes-vector-cec76c.svg","width":1122,"height":425,"caption":"Clinique Dentaire de N\u00eemes "},"image":{"@id":"https:\/\/www.cliniquedentairedenimes.fr\/#\/schema\/logo\/image\/"}}]}},"_links":{"self":[{"href":"https:\/\/www.cliniquedentairedenimes.fr\/index.php\/wp-json\/wp\/v2\/pages\/20","targetHints":{"allow":["GET"]}}],"collection":[{"href":"https:\/\/www.cliniquedentairedenimes.fr\/index.php\/wp-json\/wp\/v2\/pages"}],"about":[{"href":"https:\/\/www.cliniquedentairedenimes.fr\/index.php\/wp-json\/wp\/v2\/types\/page"}],"author":[{"embeddable":true,"href":"https:\/\/www.cliniquedentairedenimes.fr\/index.php\/wp-json\/wp\/v2\/users\/1"}],"replies":[{"embeddable":true,"href":"https:\/\/www.cliniquedentairedenimes.fr\/index.php\/wp-json\/wp\/v2\/comments?post=20"}],"version-history":[{"count":271,"href":"https:\/\/www.cliniquedentairedenimes.fr\/index.php\/wp-json\/wp\/v2\/pages\/20\/revisions"}],"predecessor-version":[{"id":3822,"href":"https:\/\/www.cliniquedentairedenimes.fr\/index.php\/wp-json\/wp\/v2\/pages\/20\/revisions\/3822"}],"wp:attachment":[{"href":"https:\/\/www.cliniquedentairedenimes.fr\/index.php\/wp-json\/wp\/v2\/media?parent=20"}],"curies":[{"name":"wp","href":"https:\/\/api.w.org\/{rel}","templated":true}]}}